). Calculate the remainder when (-184)/(-3) + t/(-6) is divided by f(21).
20
Let k be (25/10)/(2/(-12)). Calculate the remainder when 2/6 - 970/k is divided by 22.
21
Let s(q) = q**2 - 3*q + 2. Let u be 6/(3*(-3)/6). Calculate the remainder when s(u) is divided by 16.
14
Let y = -59 - -67. What is the remainder when 59 is divided by y?
3
Let c = -1 - -42. Suppose 2 = -3*m + 44. Calculate the remainder when c is divided by m.
13
Let l(j) = 2*j - 8. Let q be l(6). Let p = 1 + 8. Calculate the remainder when p is divided by 1 + 4 - (4 - q).
4
Suppose -4*j = -6*j + 100. What is the remainder when j is divided by -2*(-34)/4*1?
16
Suppose -l - l + 24 = 0. What is the remainder when ((-12)/(-30))/((-2)/(-170)) is divided by l?
10
What is the remainder when (-3 - -75*1) + -1 is divided by 18?
17
Suppose u = -2*u - 5*d - 5, -2 = 2*u + 2*d. What is the remainder when 12*(7/4 + u) is divided by 11?
10
Let g(o) = -o**2 - 2. Let a be g(0). Suppose 6 = 2*c - 0. What is the remainder when (77/(-22))/(a/4) is divided by c?
1
Suppose -5*a = -w + 33 - 159, 2*a - 3*w - 53 = 0. Suppose -4*n - 2*x + 54 - 10 = 0, 4*n - 5*x = 16. What is the remainder when a is divided by n?
7
Let h = -39 + 65. Calculate the remainder when 41 is divided by h.
15
Let s be 5 - 5 - (-13 - -1). Suppose -4*w = -3*w - s. Let q(g) = -g**2 + 16*g + 20. Calculate the remainder when q(15) is divided by w.
11
Suppose d = -0*d + 214. Suppose 4 = 5*o + d. Let y = o + 89. Calculate the remainder when y is divided by 16.
15
Let u be (4/7)/((-8)/(-28)). Suppose 102 = 8*v - u*v. What is the remainder when 32 is divided by v?
15
Let p(n) = 10*n**2 + 9*n - 1. Calculate the remainder when 101 is divided by p(-2).
17
Suppose -m = -4*p - 103, -7*m + 372 = -3*m + 4*p. What is the remainder when m is divided by 24?
23
Let v be (528/32)/(6/(-32)). Let i = -62 - v. Calculate the remainder when i is divided by 9.
8
What is the remainder when 58 is divided by (-3*3)/(15/(-20))?
10
What is the remainder when 7/((-15)/(-7) - 2) is divided by -2 - -4*6/(-16)*-10?
10
Suppose 0*o - 5*o = -60. Calculate the remainder when 44 is divided by o.
8
Let y = -58 - -96. What is the remainder when y is divided by 14?
10
Suppose -3*w - 27 = -3*o + 2*w, o + 3*w - 9 = 0. Calculate the remainder when 24 is divided by o.
6
Let c(b) = -b**3 - 22*b**2 + 21*b - 3. Let o = -3 + 0. What is the remainder when c(-23) is divided by (-46)/o + 1/(-3)?
13
Suppose i = 2*i - 2. Let o(y) = -y + 1. Let c be o(-4). Suppose c*d - 2*d = -2*l + 5, 0 = -5*d + 5*l. Calculate the remainder when i is divided by d.
0
Suppose -3*f + 15 = -0. Let t = f - 5. Suppose t = -0*p - 3*p + 117. Calculate the remainder when p is divided by 20.
19
Let n = -40 - -44. What is the remainder when 13 is divided by n?
1
Let u = -2 - -2. Suppose 4*d + 20 = u, -2*x - 5*d = 2 + 1. Calculate the remainder when 31 is divided by x.
9
Let p = 3 + 2. Let f = p + -8. What is the remainder when 13 is divided by f + 4/2 + 6?
3
Suppose -3*m - 12 = -5*o + m, 5*m = -4*o + 26. Suppose 0 = 7*z - 111 + 34. Calculate the remainder when z is divided by o.
3
Let t = -10 - -7. What is the remainder when t*((-110)/6)/5 is divided by 6?
5
Let d be 2/4 - (-985)/(-10). Let s = d + 161. What is the remainder when s is divided by 22?
19
Let j = -4 - -6. Suppose -j*d - 6 = d. What is the remainder when 8 is divided by 10*(1/d - -1)?
3
Let c = -81 - -199. What is the remainder when c is divided by 8?
6
Suppose -5*x - 3*f + 130 = -4*f, -f = 0. What is the remainder when 50 is divided by x?
24
Suppose -7*d + 9*d = 30. Calculate the remainder when d is divided by 9.
6
Suppose -4*a + 78 = -2*a + 4*i, -3*a + i + 89 = 0. Calculate the remainder when (-1)/3*-3*a is divided by 8.
7
Suppose 3*t = -j + 5, -16 + 0 = -4*t + j. Let l = 3 + -1. Calculate the remainder when t is divided by l.
1
Suppose j - 63 = -2*j. Suppose -a + j = 3. What is the remainder when a is divided by 10?
8
Let o(u) = -25*u**3 + u + 1. Calculate the remainder when o(-1) is divided by 6.
1
Let g(a) = 4 + a**3 + 2*a**3 - 4*a**3 - 7*a**2. Let j be g(-7). Suppose 0 = 5*s - m - 84, -j*s + m = -m - 66. Calculate the remainder when s is divided by 6.
5
Let t(r) = -3 - 2 - 1 - r. Let c be t(-6). Suppose -x - x + 4 = c. Calculate the remainder when x is divided by 2.
0
Suppose 4*o - 3*o - 2 = 0, 0 = -i + 5*o + 42. What is the remainder when 102 is divided by i?
50
Let s(b) = -b**3 + 12*b**2 + 31*b + 34. What is the remainder when s(14) is divided by 22?
10
Calculate the remainder when (-1)/(3/10)*3/(-1) is divided by 8.
2
Let s be 1/6 + 44/24. Suppose 0 = s*m - 5*m + 45. Calculate the remainder when m is divided by 6.
3
Suppose -3*p = p - 60. Let a = 10 - 9. Let x(v) = 44*v**2 - 1. What is the remainder when x(a) is divided by p?
13
Calculate the remainder when 70 is divided by 22 - (3 + 3 + -2).
16
Let f(r) = 45*r**2 - 2*r - 1. Let y be f(-1). Suppose 3*u = y + 38. What is the remainder when u is divided by 15?
13
Suppose 4*l + 6 = 5*z - 77, 0 = 2*z - 3*l - 36. Calculate the remainder when 37 is divided by z.
7
Let j = -30 - -17. What is the remainder when 34 is divided by -3 + 5 - (3 + j)?
10
Let h = 22 - 9. Let q(i) = i**3 + 6*i**2 - 7*i + 2. Let p be q(-7). Calculate the remainder when h is divided by p/(-4) + 15/2.
6
Suppose -t - t + 6 = 0. Suppose t*u - 23 = 5*r, 4*u + 2*r + 3*r = 19. What is the remainder when 21 is divided by u?
3
Suppose 7*g = -5*g + 60. Let x = 11 - 3. Calculate the remainder when x is divided by g.
3
Suppose 7*i - 133 = 5*i - b, 4*b = -3*i + 212. Calculate the remainder when i is divided by 11.
9
Let w(n) = -3*n + 58. What is the remainder when w(-19) is divided by 39?
37
Calculate the remainder when 2/((-4)/(-38)) + -1 + 0 is divided by 11.
7
Suppose -60 = 5*z - 4*s - 235, 2*z = 3*s + 70. Calculate the remainder when (-2)/(-10) - (-1813)/z is divided by 18.
16
Let l = -4 + 14. What is the remainder when 27 is divided by l?
7
Let w = 73 - 35. What is the remainder when 113 is divided by w?
37
Let i = -5 + 8. Suppose -i*v - 13 = -58. Suppose -a + 38 = -5*t + 10, 2*t = -a + 28. What is the remainder when a is divided by v?
13
Let z be 5*1/(-1)*3. Let a be (-1)/((-1)/(-2)) - 4. Let q = a - z. What is the remainder when 25 is divided by q?
7
Suppose -3*f = -4*f + 62. Suppose -2*y = -l + 6, y + 4*y = -3*l + f. What is the remainder when 41 is divided by l?
13
Suppose 0 = 2*u - 3*k - 0 - 34, -3*k = -5*u + 76. Suppose 5*l - 265 = -5*b, 4*l = -l. What is the remainder when b is divided by ((-24)/u)/((-4)/42)?
17
Suppose -5*j + 94 = 2*o, 0 = 3*j - 4*o - o - 44. What is the remainder when 88 is divided by j?
16
Suppose -116 = -4*n + 3*m, 4*n - n = 2*m + 87. Calculate the remainder when n is divided by 10.
9
Suppose 0 = -s - 5, -4*s = 2*r - 1 + 5. Suppose -31 = -a - 9. Calculate the remainder when a is divided by r.
6
Let c = -149 - -156. What is the remainder when 29 is divided by c?
1
Suppose 3*c - 82 = h, 2*h = 7*h + 5. Suppose -4 = o, -2*o + 48 = 2*l + 2*l. Calculate the remainder when c is divided by l.
13
Suppose -16*c - 8*c + 696 = 0. What is the remainder when c is divided by ((-20)/(-2))/(1 - 0)?
9
Let d be 180/50 + 2/5. Suppose 3*y + 6 = d*y. What is the remainder when 15 is divided by y?
3
Let v = 0 + 8. Suppose 0 = -4*g - 70 + 22. What is the remainder when v is divided by 10/3 - (-4)/g?
2
Calculate the remainder when ((-2720)/102)/(2/(-6)) is divided by 28.
24
Let k(l) = l**2 + 5*l - 6. What is the remainder when 37 is divided by k(-7)?
5
Suppose -p = 3*z - 25, 4*p + 5*z - 39 = 33. What is the remainder when 44 is divided by p?
5
Suppose 4*j = j + 63. Let r = 326 - 318. Calculate the remainder when j is divided by r.
5
Let s be 1 + -1 - (-3 - 20). Let p = -13 + s. What is the remainder when 39 is divided by p?
9
Let m be (6 + -4)/1 + -2. Suppose -3*o - 55 = -m*l - l, -l + 51 = -o. Let q = -32 + 45. Calculate the remainder when l is divided by q.
10
Suppose u = 15 - 5. Suppose 5*x = -4*n + 191, n - 22 - 29 = 2*x. Calculate the remainder when n is divided by u.
9
Let w(v) be the first derivative of v**2/2 + 11*v + 3. Let j be w(-9). Suppose 3*b - 55 = -j*b. What is the remainder when 21 is divided by b?
10
Let k be 1/(-2) - 33/6. Let o = -5 - -7. Calculate the remainder when 19 is divided by o/6 + (-58)/k.
9
Supp